{"id":782,"date":"2024-08-08T17:17:40","date_gmt":"2024-08-08T17:17:40","guid":{"rendered":"https:\/\/easystartmkt.com.br\/teste\/?page_id=782"},"modified":"2024-10-18T17:27:08","modified_gmt":"2024-10-18T17:27:08","slug":"nossos-produtos","status":"publish","type":"page","link":"https:\/\/easystartmkt.com.br\/teste\/nossos-produtos\/","title":{"rendered":"Produtos"},"content":{"rendered":"\t\t<div data-elementor-type=\"wp-page\" data-elementor-id=\"782\" class=\"elementor elementor-782\" data-elementor-post-type=\"page\">\n\t\t\t\t<div data-particle_enable=\"false\" data-particle-mobile-disabled=\"false\" class=\"elementor-element elementor-element-f68581c e-flex e-con-boxed elementor-invisible e-con e-parent\" data-id=\"f68581c\" data-element_type=\"container\" data-settings=\"{&quot;background_background&quot;:&quot;classic&quot;,&quot;shape_divider_bottom&quot;:&quot;waves&quot;,&quot;shape_divider_bottom_negative&quot;:&quot;yes&quot;,&quot;animation&quot;:&quot;fadeInDown&quot;}\">\n\t\t\t\t\t<div class=\"e-con-inner\">\n\t\t\t\t<div class=\"elementor-shape elementor-shape-bottom\" aria-hidden=\"true\" data-negative=\"true\">\n\t\t\t<svg xmlns=\"http:\/\/www.w3.org\/2000\/svg\" viewBox=\"0 0 1000 100\" preserveAspectRatio=\"none\">\n\t<path class=\"elementor-shape-fill\" d=\"M790.5,93.1c-59.3-5.3-116.8-18-192.6-50c-29.6-12.7-76.9-31-100.5-35.9c-23.6-4.9-52.6-7.8-75.5-5.3\n\tc-10.2,1.1-22.6,1.4-50.1,7.4c-27.2,6.3-58.2,16.6-79.4,24.7c-41.3,15.9-94.9,21.9-134,22.6C72,58.2,0,25.8,0,25.8V100h1000V65.3\n\tc0,0-51.5,19.4-106.2,25.7C839.5,97,814.1,95.2,790.5,93.1z\"\/>\n<\/svg>\t\t<\/div>\n\t\t<div data-particle_enable=\"false\" data-particle-mobile-disabled=\"false\" class=\"elementor-element elementor-element-3a5ea06 e-con-full entrada e-flex e-con e-child\" data-id=\"3a5ea06\" data-element_type=\"container\" data-settings=\"{&quot;background_background&quot;:&quot;classic&quot;}\">\n\t\t\t\t<div class=\"elementor-element elementor-element-58e3fb2 elementor-widget elementor-widget-heading\" data-id=\"58e3fb2\" data-element_type=\"widget\" data-widget_type=\"heading.default\">\n\t\t\t\t<div class=\"elementor-widget-container\">\n\t\t\t\t\t<h1 class=\"elementor-heading-title elementor-size-default\">Produtos<\/h1>\t\t\t\t<\/div>\n\t\t\t\t<\/div>\n\t\t\t\t<\/div>\n\t\t\t\t\t<\/div>\n\t\t\t\t<\/div>\n\t\t<div data-particle_enable=\"false\" data-particle-mobile-disabled=\"false\" class=\"elementor-element elementor-element-3c0fbea e-flex e-con-boxed elementor-invisible e-con e-parent\" data-id=\"3c0fbea\" data-element_type=\"container\" data-settings=\"{&quot;background_background&quot;:&quot;classic&quot;,&quot;animation&quot;:&quot;fadeInUp&quot;,&quot;animation_mobile&quot;:&quot;fadeInUp&quot;}\">\n\t\t\t\t\t<div class=\"e-con-inner\">\n\t\t<div data-particle_enable=\"false\" data-particle-mobile-disabled=\"false\" class=\"elementor-element elementor-element-a953028 e-flex e-con-boxed e-con e-child\" data-id=\"a953028\" data-element_type=\"container\">\n\t\t\t\t\t<div class=\"e-con-inner\">\n\t\t\t\t<div class=\"elementor-element elementor-element-e77a04e entrada elementor-widget elementor-widget-heading\" data-id=\"e77a04e\" data-element_type=\"widget\" data-widget_type=\"heading.default\">\n\t\t\t\t<div class=\"elementor-widget-container\">\n\t\t\t\t\t<h6 class=\"elementor-heading-title elementor-size-default\">Sua demanda \u00e9 nossa, nosso foco \u00e9 voc\u00ea!\n<\/h6>\t\t\t\t<\/div>\n\t\t\t\t<\/div>\n\t\t\t\t<div class=\"elementor-element elementor-element-a5b327d entrada elementor-widget elementor-widget-elementskit-heading\" data-id=\"a5b327d\" data-element_type=\"widget\" data-widget_type=\"elementskit-heading.default\">\n\t\t\t\t<div class=\"elementor-widget-container\">\n\t\t\t\t\t<div class=\"ekit-wid-con\" ><div class=\"ekit-heading elementskit-section-title-wraper text_center   ekit_heading_tablet-   ekit_heading_mobile-\"><h2 class=\"ekit-heading--title elementskit-section-title text_fill\"><span><span>Nosso Produtos<\/span><\/span><\/h2><\/div><\/div>\t\t\t\t<\/div>\n\t\t\t\t<\/div>\n\t\t\t\t\t<\/div>\n\t\t\t\t<\/div>\n\t\t<div data-particle_enable=\"false\" data-particle-mobile-disabled=\"false\" class=\"elementor-element elementor-element-ba318df e-con-full e-flex e-con e-child\" data-id=\"ba318df\" data-element_type=\"container\">\n\t\t<div data-particle_enable=\"false\" data-particle-mobile-disabled=\"false\" class=\"elementor-element elementor-element-8c036f2 e-con-full scroll-top e-flex e-con e-child\" data-id=\"8c036f2\" data-element_type=\"container\" data-settings=\"{&quot;background_background&quot;:&quot;classic&quot;,&quot;animation&quot;:&quot;none&quot;,&quot;animation_delay&quot;:500}\">\n\t\t\t\t<div class=\"elementor-element elementor-element-136fea4 elementor-widget elementor-widget-image\" data-id=\"136fea4\" data-element_type=\"widget\" data-widget_type=\"image.default\">\n\t\t\t\t<div class=\"elementor-widget-container\">\n\t\t\t\t\t\t\t\t\t\t\t\t\t\t\t<img fetchpriority=\"high\" decoding=\"async\" width=\"600\" height=\"600\" src=\"https:\/\/easystartmkt.com.br\/teste\/wp-content\/uploads\/2024\/08\/diesel-s10.png\" class=\"attachment-full size-full wp-image-776\" alt=\"\" srcset=\"https:\/\/easystartmkt.com.br\/teste\/wp-content\/uploads\/2024\/08\/diesel-s10.png 600w, https:\/\/easystartmkt.com.br\/teste\/wp-content\/uploads\/2024\/08\/diesel-s10-300x300.png 300w, https:\/\/easystartmkt.com.br\/teste\/wp-content\/uploads\/2024\/08\/diesel-s10-150x150.png 150w, https:\/\/easystartmkt.com.br\/teste\/wp-content\/uploads\/2024\/08\/diesel-s10-100x100.png 100w\" sizes=\"(max-width: 600px) 100vw, 600px\" \/>\t\t\t\t\t\t\t\t\t\t\t\t\t\t\t<\/div>\n\t\t\t\t<\/div>\n\t\t<div data-particle_enable=\"false\" data-particle-mobile-disabled=\"false\" class=\"elementor-element elementor-element-10b6591 e-con-full e-flex e-con e-child\" data-id=\"10b6591\" data-element_type=\"container\" data-settings=\"{&quot;background_background&quot;:&quot;classic&quot;}\">\n\t\t\t\t<div class=\"elementor-element elementor-element-40e5568 elementor-widget__width-inherit elementor-widget elementor-widget-icon-box\" data-id=\"40e5568\" data-element_type=\"widget\" data-widget_type=\"icon-box.default\">\n\t\t\t\t<div class=\"elementor-widget-container\">\n\t\t\t\t\t\t\t<div class=\"elementor-icon-box-wrapper\">\n\n\t\t\t\n\t\t\t\t\t\t<div class=\"elementor-icon-box-content\">\n\n\t\t\t\t\t\t\t\t\t<div class=\"elementor-icon-box-title\">\n\t\t\t\t\t\t<span  >\n\t\t\t\t\t\t\tDesempenho para o seu motor.\t\t\t\t\t\t<\/span>\n\t\t\t\t\t<\/div>\n\t\t\t\t\n\t\t\t\t\t\t\t\t\t<p class=\"elementor-icon-box-description\">\n\t\t\t\t\t\tDIESEL S10\t\t\t\t\t<\/p>\n\t\t\t\t\n\t\t\t<\/div>\n\t\t\t\n\t\t<\/div>\n\t\t\t\t\t\t<\/div>\n\t\t\t\t<\/div>\n\t\t\t\t<div class=\"elementor-element elementor-element-1952d29 elementor-widget-divider--view-line elementor-widget elementor-widget-divider\" data-id=\"1952d29\" data-element_type=\"widget\" data-widget_type=\"divider.default\">\n\t\t\t\t<div class=\"elementor-widget-container\">\n\t\t\t\t\t\t\t<div class=\"elementor-divider\">\n\t\t\t<span class=\"elementor-divider-separator\">\n\t\t\t\t\t\t<\/span>\n\t\t<\/div>\n\t\t\t\t\t\t<\/div>\n\t\t\t\t<\/div>\n\t\t\t\t<div class=\"elementor-element elementor-element-cb6c1f4 elementor-widget elementor-widget-text-editor\" data-id=\"cb6c1f4\" data-element_type=\"widget\" data-widget_type=\"text-editor.default\">\n\t\t\t\t<div class=\"elementor-widget-container\">\n\t\t\t\t\t\t\t\t\t<div class=\"flex max-w-full flex-col flex-grow\"><div class=\"min-h-8 text-message flex w-full flex-col items-end gap-2 whitespace-normal break-words [.text-message+&amp;]:mt-5\" dir=\"auto\" data-message-author-role=\"assistant\" data-message-id=\"12ac0e6e-477a-466a-a421-b272acc4ec28\" data-message-model-slug=\"gpt-4o\"><div class=\"flex w-full flex-col gap-1 empty:hidden first:pt-[3px]\"><div class=\"markdown prose w-full break-words dark:prose-invert dark\"><div class=\"flex max-w-full flex-col flex-grow\"><div class=\"min-h-8 text-message flex w-full flex-col items-end gap-2 whitespace-normal break-words [.text-message+&amp;]:mt-5\" dir=\"auto\" data-message-author-role=\"assistant\" data-message-id=\"12ac0e6e-477a-466a-a421-b272acc4ec28\" data-message-model-slug=\"gpt-4o\"><div class=\"flex w-full flex-col gap-1 empty:hidden first:pt-[3px]\"><div class=\"markdown prose w-full break-words dark:prose-invert dark\"><p>O Diesel S10 se destaca pelo baixo teor de enxofre, o que ajuda a reduzir a emiss\u00e3o de poluentes. \u00c9 ideal para motores modernos com tecnologias avan\u00e7adas de controle de emiss\u00f5es, garantindo n\u00e3o apenas a prote\u00e7\u00e3o ambiental, mas tamb\u00e9m uma melhor performance e maior durabilidade do motor.<\/p><\/div><\/div><\/div><\/div><\/div><\/div><\/div><\/div>\t\t\t\t\t\t\t\t<\/div>\n\t\t\t\t<\/div>\n\t\t\t\t<\/div>\n\t\t\t\t<\/div>\n\t\t<div data-particle_enable=\"false\" data-particle-mobile-disabled=\"false\" class=\"elementor-element elementor-element-5c5bda8 e-con-full scroll-top e-flex e-con e-child\" data-id=\"5c5bda8\" data-element_type=\"container\" data-settings=\"{&quot;background_background&quot;:&quot;classic&quot;,&quot;animation&quot;:&quot;none&quot;,&quot;animation_delay&quot;:500}\">\n\t\t\t\t<div class=\"elementor-element elementor-element-9e250bb elementor-widget elementor-widget-image\" data-id=\"9e250bb\" data-element_type=\"widget\" data-widget_type=\"image.default\">\n\t\t\t\t<div class=\"elementor-widget-container\">\n\t\t\t\t\t\t\t\t\t\t\t\t\t\t\t<img decoding=\"async\" width=\"600\" height=\"600\" src=\"https:\/\/easystartmkt.com.br\/teste\/wp-content\/uploads\/2024\/08\/diesel-s500.png\" class=\"attachment-full size-full wp-image-775\" alt=\"\" srcset=\"https:\/\/easystartmkt.com.br\/teste\/wp-content\/uploads\/2024\/08\/diesel-s500.png 600w, https:\/\/easystartmkt.com.br\/teste\/wp-content\/uploads\/2024\/08\/diesel-s500-300x300.png 300w, https:\/\/easystartmkt.com.br\/teste\/wp-content\/uploads\/2024\/08\/diesel-s500-150x150.png 150w, https:\/\/easystartmkt.com.br\/teste\/wp-content\/uploads\/2024\/08\/diesel-s500-100x100.png 100w\" sizes=\"(max-width: 600px) 100vw, 600px\" \/>\t\t\t\t\t\t\t\t\t\t\t\t\t\t\t<\/div>\n\t\t\t\t<\/div>\n\t\t<div data-particle_enable=\"false\" data-particle-mobile-disabled=\"false\" class=\"elementor-element elementor-element-9623e09 e-con-full e-flex e-con e-child\" data-id=\"9623e09\" data-element_type=\"container\" data-settings=\"{&quot;background_background&quot;:&quot;classic&quot;}\">\n\t\t\t\t<div class=\"elementor-element elementor-element-bea08eb elementor-widget__width-inherit elementor-widget elementor-widget-icon-box\" data-id=\"bea08eb\" data-element_type=\"widget\" data-widget_type=\"icon-box.default\">\n\t\t\t\t<div class=\"elementor-widget-container\">\n\t\t\t\t\t\t\t<div class=\"elementor-icon-box-wrapper\">\n\n\t\t\t\n\t\t\t\t\t\t<div class=\"elementor-icon-box-content\">\n\n\t\t\t\t\t\t\t\t\t<div class=\"elementor-icon-box-title\">\n\t\t\t\t\t\t<span  >\n\t\t\t\t\t\t\tPara motores anteriores a 2012.\t\t\t\t\t\t<\/span>\n\t\t\t\t\t<\/div>\n\t\t\t\t\n\t\t\t\t\t\t\t\t\t<p class=\"elementor-icon-box-description\">\n\t\t\t\t\t\tDIESEL S500\n\n\t\t\t\t\t<\/p>\n\t\t\t\t\n\t\t\t<\/div>\n\t\t\t\n\t\t<\/div>\n\t\t\t\t\t\t<\/div>\n\t\t\t\t<\/div>\n\t\t\t\t<div class=\"elementor-element elementor-element-bd9d280 elementor-widget-divider--view-line elementor-widget elementor-widget-divider\" data-id=\"bd9d280\" data-element_type=\"widget\" data-widget_type=\"divider.default\">\n\t\t\t\t<div class=\"elementor-widget-container\">\n\t\t\t\t\t\t\t<div class=\"elementor-divider\">\n\t\t\t<span class=\"elementor-divider-separator\">\n\t\t\t\t\t\t<\/span>\n\t\t<\/div>\n\t\t\t\t\t\t<\/div>\n\t\t\t\t<\/div>\n\t\t\t\t<div class=\"elementor-element elementor-element-123866b elementor-widget elementor-widget-text-editor\" data-id=\"123866b\" data-element_type=\"widget\" data-widget_type=\"text-editor.default\">\n\t\t\t\t<div class=\"elementor-widget-container\">\n\t\t\t\t\t\t\t\t\t<div class=\"flex max-w-full flex-col flex-grow\"><div class=\"min-h-8 text-message flex w-full flex-col items-end gap-2 whitespace-normal break-words [.text-message+&amp;]:mt-5\" dir=\"auto\" data-message-author-role=\"assistant\" data-message-id=\"b01ab3d1-927c-4eeb-b653-7556eb071745\" data-message-model-slug=\"gpt-4o\"><div class=\"flex w-full flex-col gap-1 empty:hidden first:pt-[3px]\"><div class=\"markdown prose w-full break-words dark:prose-invert dark\"><p>O Diesel S500 possui maior teor de enxofre em compara\u00e7\u00e3o ao S10, sendo ideal para maquin\u00e1rios pesados e equipamentos antigos que n\u00e3o demandam um combust\u00edvel de baixa emiss\u00e3o. \u00c9 uma op\u00e7\u00e3o de melhor custo-benef\u00edcio para quem n\u00e3o precisa de um combust\u00edvel \u201ct\u00e3o limpo&#8221;.<\/p><\/div><\/div><\/div><\/div>\t\t\t\t\t\t\t\t<\/div>\n\t\t\t\t<\/div>\n\t\t\t\t<\/div>\n\t\t\t\t<\/div>\n\t\t<div data-particle_enable=\"false\" data-particle-mobile-disabled=\"false\" class=\"elementor-element elementor-element-01b5e37 e-con-full scroll-top e-flex e-con e-child\" data-id=\"01b5e37\" data-element_type=\"container\" data-settings=\"{&quot;background_background&quot;:&quot;classic&quot;,&quot;animation&quot;:&quot;none&quot;,&quot;animation_delay&quot;:500}\">\n\t\t\t\t<div class=\"elementor-element elementor-element-99570cf elementor-widget elementor-widget-image\" data-id=\"99570cf\" data-element_type=\"widget\" data-widget_type=\"image.default\">\n\t\t\t\t<div class=\"elementor-widget-container\">\n\t\t\t\t\t\t\t\t\t\t\t\t\t\t\t<img decoding=\"async\" width=\"600\" height=\"600\" src=\"https:\/\/easystartmkt.com.br\/teste\/wp-content\/uploads\/2024\/10\/diese-maritimo.png\" class=\"attachment-full size-full wp-image-1864\" alt=\"\" srcset=\"https:\/\/easystartmkt.com.br\/teste\/wp-content\/uploads\/2024\/10\/diese-maritimo.png 600w, https:\/\/easystartmkt.com.br\/teste\/wp-content\/uploads\/2024\/10\/diese-maritimo-300x300.png 300w, https:\/\/easystartmkt.com.br\/teste\/wp-content\/uploads\/2024\/10\/diese-maritimo-150x150.png 150w, https:\/\/easystartmkt.com.br\/teste\/wp-content\/uploads\/2024\/10\/diese-maritimo-100x100.png 100w\" sizes=\"(max-width: 600px) 100vw, 600px\" \/>\t\t\t\t\t\t\t\t\t\t\t\t\t\t\t<\/div>\n\t\t\t\t<\/div>\n\t\t<div data-particle_enable=\"false\" data-particle-mobile-disabled=\"false\" class=\"elementor-element elementor-element-a459707 e-con-full e-flex e-con e-child\" data-id=\"a459707\" data-element_type=\"container\" data-settings=\"{&quot;background_background&quot;:&quot;classic&quot;}\">\n\t\t\t\t<div class=\"elementor-element elementor-element-1cda104 elementor-widget__width-inherit elementor-widget elementor-widget-icon-box\" data-id=\"1cda104\" data-element_type=\"widget\" data-widget_type=\"icon-box.default\">\n\t\t\t\t<div class=\"elementor-widget-container\">\n\t\t\t\t\t\t\t<div class=\"elementor-icon-box-wrapper\">\n\n\t\t\t\n\t\t\t\t\t\t<div class=\"elementor-icon-box-content\">\n\n\t\t\t\t\t\t\t\t\t<div class=\"elementor-icon-box-title\">\n\t\t\t\t\t\t<span  >\n\t\t\t\t\t\t\tPara motores anteriores a 2012.\t\t\t\t\t\t<\/span>\n\t\t\t\t\t<\/div>\n\t\t\t\t\n\t\t\t\t\t\t\t\t\t<p class=\"elementor-icon-box-description\">\n\t\t\t\t\t\tDIESEL MAR\u00cdTIMO \n\t\t\t\t\t<\/p>\n\t\t\t\t\n\t\t\t<\/div>\n\t\t\t\n\t\t<\/div>\n\t\t\t\t\t\t<\/div>\n\t\t\t\t<\/div>\n\t\t\t\t<div class=\"elementor-element elementor-element-ecb2c0a elementor-widget-divider--view-line elementor-widget elementor-widget-divider\" data-id=\"ecb2c0a\" data-element_type=\"widget\" data-widget_type=\"divider.default\">\n\t\t\t\t<div class=\"elementor-widget-container\">\n\t\t\t\t\t\t\t<div class=\"elementor-divider\">\n\t\t\t<span class=\"elementor-divider-separator\">\n\t\t\t\t\t\t<\/span>\n\t\t<\/div>\n\t\t\t\t\t\t<\/div>\n\t\t\t\t<\/div>\n\t\t\t\t<div class=\"elementor-element elementor-element-4084476 elementor-widget elementor-widget-text-editor\" data-id=\"4084476\" data-element_type=\"widget\" data-widget_type=\"text-editor.default\">\n\t\t\t\t<div class=\"elementor-widget-container\">\n\t\t\t\t\t\t\t\t\t<p>Desenvolvido especialmente para atender \u00e0s exig\u00eancias de motores mar\u00edtimos, garantindo alto desempenho e efici\u00eancia. Com baixo teor de enxofre, o DM proporciona menor impacto ambiental e maior prote\u00e7\u00e3o contra corros\u00e3o, ideal para embarca\u00e7\u00f5es que operam em \u00e1reas costeiras e offshore.<\/p>\t\t\t\t\t\t\t\t<\/div>\n\t\t\t\t<\/div>\n\t\t\t\t<\/div>\n\t\t\t\t<\/div>\n\t\t\t\t<\/div>\n\t\t\t\t\t<\/div>\n\t\t\t\t<\/div>\n\t\t<div data-particle_enable=\"false\" data-particle-mobile-disabled=\"false\" class=\"elementor-element elementor-element-5e1fee0 e-flex e-con-boxed e-con e-parent\" data-id=\"5e1fee0\" data-element_type=\"container\" data-settings=\"{&quot;background_background&quot;:&quot;classic&quot;,&quot;animation&quot;:&quot;none&quot;}\">\n\t\t\t\t\t<div class=\"e-con-inner\">\n\t\t<div data-particle_enable=\"false\" data-particle-mobile-disabled=\"false\" class=\"elementor-element elementor-element-e7f21d9 e-con-full e-flex e-con e-child\" data-id=\"e7f21d9\" data-element_type=\"container\">\n\t\t\t\t<div class=\"elementor-element elementor-element-f96d708 scroll-top elementor-widget elementor-widget-heading\" data-id=\"f96d708\" data-element_type=\"widget\" data-settings=\"{&quot;_animation&quot;:&quot;none&quot;}\" data-widget_type=\"heading.default\">\n\t\t\t\t<div class=\"elementor-widget-container\">\n\t\t\t\t\t<h2 class=\"elementor-heading-title elementor-size-default\">Quem escolhe a Itupetro escolhe relacionamento, tecnologia e credibilidade.<\/h2>\t\t\t\t<\/div>\n\t\t\t\t<\/div>\n\t\t\t\t<div class=\"elementor-element elementor-element-9ba3ad0 scroll-top elementor-widget elementor-widget-text-editor\" data-id=\"9ba3ad0\" data-element_type=\"widget\" data-settings=\"{&quot;_animation&quot;:&quot;none&quot;}\" data-widget_type=\"text-editor.default\">\n\t\t\t\t<div class=\"elementor-widget-container\">\n\t\t\t\t\t\t\t\t\t<p>Ao escolher a Itupetro, voc\u00ea estar\u00e1 escolhendo tecnologia, credibilidade e relacionamento com o cliente.<\/p><p>Nosso laborat\u00f3rio interno, assegura um rigoroso padr\u00e3o de qualidade para que voc\u00ea receba o combust\u00edvel ideal para movimentar o seu neg\u00f3cio. Com bombas automatizadas e agilidade no tempo de carregamento.<\/p><p class=\"heading__desc\"><strong> Na Itupetro, a sua demanda \u00e9 a nossa demanda!<\/strong><\/p>\t\t\t\t\t\t\t\t<\/div>\n\t\t\t\t<\/div>\n\t\t\t\t<\/div>\n\t\t\t\t\t<\/div>\n\t\t\t\t<\/div>\n\t\t\t\t<\/div>\n\t\t","protected":false},"excerpt":{"rendered":"<p>Produtos Sua demanda \u00e9 nossa, nosso foco \u00e9 voc\u00ea! Nosso Produtos Desempenho para o seu motor. DIESEL S10 O Diesel S10 se destaca pelo baixo teor de enxofre, o que ajuda a reduzir a emiss\u00e3o de poluentes. \u00c9 ideal para motores modernos com tecnologias avan\u00e7adas de controle de emiss\u00f5es, garantindo n\u00e3o apenas a prote\u00e7\u00e3o ambiental, [&hellip;]<\/p>\n","protected":false},"author":2,"featured_media":0,"parent":0,"menu_order":0,"comment_status":"closed","ping_status":"closed","template":"elementor_header_footer","meta":{"footnotes":""},"class_list":["post-782","page","type-page","status-publish","hentry"],"_links":{"self":[{"href":"https:\/\/easystartmkt.com.br\/teste\/wp-json\/wp\/v2\/pages\/782","targetHints":{"allow":["GET"]}}],"collection":[{"href":"https:\/\/easystartmkt.com.br\/teste\/wp-json\/wp\/v2\/pages"}],"about":[{"href":"https:\/\/easystartmkt.com.br\/teste\/wp-json\/wp\/v2\/types\/page"}],"author":[{"embeddable":true,"href":"https:\/\/easystartmkt.com.br\/teste\/wp-json\/wp\/v2\/users\/2"}],"replies":[{"embeddable":true,"href":"https:\/\/easystartmkt.com.br\/teste\/wp-json\/wp\/v2\/comments?post=782"}],"version-history":[{"count":77,"href":"https:\/\/easystartmkt.com.br\/teste\/wp-json\/wp\/v2\/pages\/782\/revisions"}],"predecessor-version":[{"id":2040,"href":"https:\/\/easystartmkt.com.br\/teste\/wp-json\/wp\/v2\/pages\/782\/revisions\/2040"}],"wp:attachment":[{"href":"https:\/\/easystartmkt.com.br\/teste\/wp-json\/wp\/v2\/media?parent=782"}],"curies":[{"name":"wp","href":"https:\/\/api.w.org\/{rel}","templated":true}]}}